f 540 and r.
18
Let y be -5 - (-48 + -1 + -3). Suppose -2*s - p = -s - 750, -p = -5*s + 3762. What is the greatest common divisor of y and s?
47
Let y = 12088 + -11359. Calculate the highest common factor of 162 and y.
81
Let x(u) = -3*u - 9. Let o be x(-18). Let r = o - 45. Suppose -l + 8 = -r. Calculate the highest common factor of 88 and l.
8
Let b be (34/3)/((-10)/(-15)). Let f = -10 + b. Let o = 12 + f. Calculate the highest common factor of o and 152.
19
Suppose 1560 = -54*a + 62*a. What is the greatest common divisor of a and 24765?
195
Let t be (1 - 17/1)*130585/(-364). What is the highest common factor of t and 10?
10
Let d(a) = -2*a**3 + 64*a**2 + 50*a - 85. Let p be d(32). Calculate the highest common divisor of p and 60.
15
Suppose 202 - 3 = 164*x - 293. What is the highest common divisor of x and 141?
3
Suppose -43*k + 29552 = -2297 - 7023. Calculate the greatest common divisor of 8 and k.
8
Let z = 2603 + 6415. What is the greatest common factor of 167 and z?
167
Suppose -3*o - 72*c + 74*c + 2139 = 0, -o - 4*c + 727 = 0. What is the highest common factor of o and 520?
65
Let b = 14 + 3. Suppose -75 - 141 = -9*t. Let d be 1575/t + 2 - (-24)/64. What is the greatest common divisor of b and d?
17
Suppose 5*v + 22*s - 1694 = 0, -186*v + 189*v - 3*s - 1146 = 0. Suppose -3*p + a = -p - 66, 5*a + 126 = 4*p. What is the greatest common factor of p and v?
34
Let l(r) = 2*r**2 + 19*r - 65. Let w be l(-13). Let u be 13/(-2)*(-24)/w. Calculate the greatest common divisor of 26 and u.
2
Let h = -777 - -1092. What is the greatest common factor of 1008 and h?
63
Suppose 0 = -m - 4*l + 5522, 18*l - 21*l = 4*m - 22153. Calculate the greatest common factor of 34 and m.
34
Let p be (1 + -61)*12/(-15). Let a(o) = -o**3 - 13*o**2 + 6*o - 18. Let x be a(-13). Let r be 3/(((-4)/1)/x). Calculate the greatest common divisor of r and p.
24
Let t(l) = -3761*l - 54. Let a be t(-1). Calculate the greatest common divisor of a and 11.
11
Let b be ((-15015)/(-117))/((-2)/(-12)). Calculate the highest common factor of 280 and b.
70
Suppose -33 = -4*x + 3. Let d = x + 2. Let r = d - -7. What is the highest common factor of 72 and r?
18
Let z(q) = -6*q**2 - 171*q - 719. Let d be z(-23). What is the greatest common divisor of d and 14680?
40
Let x(p) = 3*p**3 + 38*p**2 - 14*p + 12. Let l = 28 - 41. Let s be x(l). What is the greatest common divisor of s and 55?
5
Let h be -2 + 2 + (106 - 6)*1. Suppose 52 = -4*r + 5*m + 183, 2*r + 2*m = 88. Let x be r + -1 + (-3 - -5). What is the highest common divisor of x and h?
20
Suppose 2*b = 6*c - 7*c + 11, -4*b - 4*c + 32 = 0. Calculate the greatest common divisor of b and 49.
1
Let o be 7488/6*7/21. Suppose k + 2*m = 5*m + o, 0 = 2*m. Calculate the highest common factor of k and 32.
32
Suppose 288*o - 298*o + 28 = -72. Let f be (-6*1)/((-2)/5). Calculate the highest common factor of f and o.
5
Suppose -2*x = 3*g - 113, 420*g = x + 417*g - 43. What is the greatest common factor of 23348 and x?
52
Suppose 0*k + 2*k + 176 = -5*x, -154 = 4*x - 5*k. Let n = -20 - x. Calculate the greatest common factor of n and 4.
4
Suppose -3*j - 2545 = 4*m, -32*j - m = -33*j - 853. Let u = -821 - j. What is the greatest common factor of 390 and u?
30
Let v(d) = d**2 - 9*d + 2. Let u be v(9). Let n = -283 + 298. Suppose -u*o + 4*l - 31 = -329, -n = 5*l. Calculate the greatest common factor of 13 and o.
13
Suppose 4*g - l = 14, 5*g + 0*l + l = 22. Suppose -3*n - 128 = -4*w, -g*w + 85 + 27 = n. Let k = w + -19. Calculate the highest common factor of k and 90.
10
Suppose -2*s = -4*h + 2, 2*s + 40 = -2*s - h. Let n(i) = i**3 + 12*i**2 + 24*i. Let y be n(s). Calculate the highest common divisor of y and 153.
9
Suppose -3*j = 1532*x - 1527*x - 10303, 0 = -2*j - 3*x + 6868. Calculate the highest common factor of j and 73.
73
Let c = 7684 - 7460. What is the greatest common factor of 9632 and c?
224
Let g = -7 + 19. Suppose -2*l - l = -3*i + g, -5*i - 5*l - 20 = 0. Suppose 4*r = i, -32 = -2*b - 0*r - 4*r. Calculate the greatest common factor of 16 and b.
16
Suppose -108 = -2*y - 28. Let k(o) = 478*o + 150. Let w be k(3). Suppose w*i - 1586*i + 8 = 0. Calculate the greatest common divisor of y and i.
4
Let y(x) = 3*x + 51. Let n be y(-16). Suppose 0 = -4*g + 5*g + z - n, 5*z - 6 = 4*g. What is the highest common divisor of 11 and g?
1
Let s = -508 - -2432. Calculate the highest common divisor of 104 and s.
52
Let b(v) = 85*v - 172*v - 268 + 53*v + 63*v + 26. Let p be b(9). Calculate the greatest common factor of p and 76.
19
Let x(v) = 2*v - 23. Let a(u) = -5*u - 12*u + 5 - 2*u**2 + 3. Let n be a(-8). Let q be x(n). What is the highest common divisor of 63 and q?
9
Let g(o) = 2*o**2 - 78*o + 148. Let c be g(44). What is the highest common factor of 1029 and c?
147
Suppose -148*j = 145*j - 262*j - 867349. Calculate the greatest common factor of j and 49.
49
Let w be -1 + -1 - 38/(-2). Let u = 25 - 0. Suppose 5*a - u - 60 = 0. What is the greatest common factor of a and w?
17
Let u = 292 - 284. Suppose -2*h = -h - u. What is the highest common factor of 2 and h?
2
Suppose 81*c - 15103 = 8225. Calculate the highest common factor of 207 and c.
9
Let k = -12 - -27. Let f(i) = 73*i - 73. Let w be f(9). Suppose -5*q - 6*p = -2*p - w, -2*p - 8 = 0. Calculate the highest common divisor of k and q.
15
Let x be 3/(-12) + 58/8. Let k be 4 + -1 + 4 + 149. Let l = k + -79. What is the greatest common factor of x and l?
7
Let c(z) = -4*z**2 + 40*z + 5. Let r be c(10). Suppose -2*k - 7*i + 192 = -3*i, -r*k + 480 = -i. What is the greatest common divisor of 24 and k?
24
Let q be 131580/918 - (-20)/(-6). Suppose 42 = -0*m + m. Calculate the greatest common divisor of q and m.
14
Let r(d) = 1477*d - 5660. Let b be r(8). Calculate the greatest common factor of 12 and b.
12
Let w = -6273 + 6385. Calculate the greatest common factor of 1484 and w.
28
Suppose 0 = -180*a + 168*a + 792. Let b be (a/44)/((-3)/(-8)). Calculate the greatest common factor of b and 20.
4
Let j(o) = o**2 - 13*o - 3. Let u be j(16). What is the greatest common divisor of 285 and u?
15
Let p = 5 + -53. Let d = p + 269. What is the greatest common divisor of 17 and d?
17
Let a = 1154 + -1001. Calculate the greatest common factor of a and 36.
9
Let t be (-1)/1 + 0 + -10 + 20 + 12. Calculate the greatest common divisor of 22260 and t.
21
Suppose 2*k + 39 = 5*a - 39, 3*a - 45 = 3*k. Suppose -t = -a - 0. Suppose 126 = 2*z + t. Calculate the greatest common divisor of z and 11.
11
Suppose q - 4*d + 18 = 0, 0 = -5*q + 9*q - d + 12. Let i = 18 - q. Calculate the greatest common divisor of 80 and i.
20
Let t = 9385 - 9055. Suppose 4*u + u - 150 = 0. What is the greatest common divisor of u and t?
30
Let x = 81 - 79. Suppose 0 = 4*w - 10 + x. Let b be 38/w + (-4)/(-28)*0. Calculate the highest common divisor of 76 and b.
19
Let v be 2121/42*(-2 - 0). Let u = v + 117. Suppose 0 = -0*s - 2*s + 64. What is the highest common factor of u and s?
16
Suppose 0 = 3*x - 34 - 8. Let u be 2*-1*(x/(-4) + 3). Let t(f) = 16*f + 2. Let h be t(u). Calculate the highest common divisor of 27 and h.
9
Suppose -12*b = -11263 + 3775. Suppose 4*u = -8*u + b. What is the highest common divisor of u and 78?
26
Let t(c) = 14*c + 44. Let p be t(10). What is the greatest common divisor of 161 and p?
23
Suppose 6*q = 12*q - 24. Suppose 3*f = 5*j - 0*f - 53, 0 = 4*f + q. Calculate the greatest common factor of j and 120.
10
Let b(s) = 2 + 0*s**3 - 3*s**3 + s**2 + s**3. Let m be b(-2). Let r(j) = 230*j + 3100. Let z be r(-13). What is the greatest common divisor of z and m?
22
Let u = 12885 - 12836. What is the greatest common divisor of 21 and u?
7
Let n be 552 + 1 - 2 - (24 - 31). What is the highest common divisor of n and 234?
18
Let j = -34 + 37. Suppose 2*g + b + 1 = 0, -j*g = -2*g - 3*b - 3. Let a be 2 - (0 - g)/(8 - 10). Calculate the greatest common divisor of 1 and a.
1
Let f(u) = 84*u + 2294. Let b be f(-26). Calculate the greatest common divisor of 77 and b.
11
Let l = 4692 - 4682. Calculate the greatest common divisor of l and 16.
2
Let y be -3*(-12)/8*(1 - -1). Suppose 0 = 4*f - 2*o + 1 + y, -3 = -o. Let t be (-1300)/(-26)*(2 + f). Calculate the greatest common divisor of 20 and t.
10
Let y(i) = i**3 + 11*i**2 - 4*i + 115.